What is w(3)?
21
Let p(g) = g**3 - 6*g**2 - 2*g - 6. Give p(7).
29
Let q(u) = 38*u - 264. Determine q(7).
2
Let j(y) = 6*y - 209. Give j(34).
-5
Let i(w) = -2*w**2 - 54*w - 54. Give i(-26).
-2
Let a(x) = -2*x**2 + 3*x + 7. What is a(-6)?
-83
Let g(m) = -2*m + 9. Give g(-9).
27
Let w(z) = z**3 - 9*z**2 + z + 6. Give w(9).
15
Let m(h) = h**3 - 3*h**2 + 2*h + 1. Give m(4).
25
Let c(y) = 3*y + 4. Calculate c(22).
70
Let c(n) = n**3 + 2*n**2. Determine c(-1).
1
Let l(j) = j**3 + 3*j**2 - 42*j - 16. Give l(-8).
0
Let k(u) = -u - 23. Calculate k(-12).
-11
Let q(w) = -w**3 - 29*w**2 - 80*w - 64. Calculate q(-26).
-12
Let n(j) = -j + 20. Determine n(23).
-3
Let m(k) = 5*k - 104. Give m(21).
1
Let p(i) = -i**3 - 17*i**2 - 68*i - 8. Give p(-6).
4
Let w(u) = u**2 - 18*u + 7. Give w(17).
-10
Let h(z) = 3*z + 58. What is h(-10)?
28
Let i(n) = -n**2 - n - 4. What is i(-2)?
-6
Let s(h) = h**2 - 12*h + 8. Determine s(10).
-12
Let l(d) = -d**3 - 5*d**2 - 7*d - 3. Give l(-4).
9
Let b(u) = -u**2 + 9*u - 12. What is b(7)?
2
Let n(l) = -l**2 + 23*l + 27. What is n(22)?
49
Let p(x) = -x**2 + 8*x + 2. What is p(8)?
2
Let c(u) = 21*u - 171. Determine c(7).
-24
Let z(d) = -d**3 - 9*d**2 - d - 12. Give z(-9).
-3
Let w(m) = m**3 + 10*m**2 + 8*m - 3. Calculate w(-9).
6
Let t(h) = -3*h**2 - 8. Determine t(5).
-83
Let r(k) = -2*k - 2. Give r(9).
-20
Let x(s) = s**3 + 6*s**2 - 9*s - 7. What is x(-7)?
7
Let l(d) = -7*d**3 - 2*d**2 - 2*d - 1. Calculate l(-1).
6
Let r(b) = b**2 - 8*b + 5. Determine r(7).
-2
Let y(s) = -3*s**2 + 11*s - 17. Determine y(7).
-87
Let o(g) = -g**2 - 9*g + 44. Calculate o(-12).
8
Let s(z) = 49*z. Determine s(-1).
-49
Let w(k) = k**3 + 7*k**2 - 14*k - 19. Determine w(-8).
29
Let i(o) = -o**3 + 8*o**2 - 5*o - 1. Give i(6).
41
Let k(x) = -11*x + 76. Calculate k(7).
-1
Let u(l) = -70*l - 217. Determine u(-3).
-7
Let n(d) = -d + 13. What is n(16)?
-3
Let r(w) = -w**3 - 30*w**2 - 54*w + 38. What is r(-28)?
-18
Let o(j) = 2*j - 17. Calculate o(7).
-3
Let c(a) = 24*a + 110. What is c(-4)?
14
Let c(i) = i**3 - 14*i**2 - i + 17. Calculate c(15).
227
Let v(i) = -i**2 + 15*i. What is v(16)?
-16
Let i(k) = -50*k**2 + 3. What is i(-2)?
-197
Let j(z) = -z**2 + 8*z + 87. Calculate j(-6).
3
Let s(r) = r**3 + r**2 + 10*r + 8. Calculate s(0).
8
Let w(g) = g**2 + 13*g + 48. What is w(-16)?
96
Let r(s) = 7*s - 11. Calculate r(2).
3
Let p(j) = -j**3 - 5*j**2 + 4*j + 29. Determine p(-5).
9
Let l(c) = -4*c + 15. Determine l(2).
7
Let p(o) = 3*o + 16. What is p(-7)?
-5
Let j(x) = x**3 - 6*x**2 + 5*x + 5. Calculate j(4).
-7
Let c(t) = 9*t + 9. Determine c(-5).
-36
Let n(m) = m**2 - 5*m + 7. Calculate n(6).
13
Let d(c) = 10*c - 14. Determine d(5).
36
Let d(t) = -t**2 + 56*t + 209. Determine d(-4).
-31
Let j(u) = 6*u + 4. What is j(3)?
22
Let z(h) = 6*h - 10. Give z(8).
38
Let p(v) = v**3 + 11*v**2 - v - 13. What is p(-11)?
-2
Let m(j) = -j**3 + 3*j**2 + 3*j - 7. Determine m(3).
2
Let v(k) = 247*k - 242. Determine v(1).
5
Let n(i) = 3*i**2 - i - 4. Determine n(-4).
48
Let c(l) = 58*l**3 - 2*l**2 + l. Calculate c(1).
57
Let s(v) = 5*v**2 - 10*v + 11. Determine s(1).
6
Let a(h) = 4*h**2 + 18*h + 10. Determine a(-5).
20
Let r(s) = -31*s - 21. What is r(2)?
-83
Let p(k) = k**3 + 7*k**2 - 7*k - 12. Determine p(-8).
-20
Let t(w) = -10*w - 337. What is t(-35)?
13
Let h(t) = 73*t - 962. What is h(13)?
-13
Let l(n) = 19*n - 2. What is l(-1)?
-21
Let d(u) = u**2 + 4*u - 6. Calculate d(-6).
6
Let b(l) = -l + 1. What is b(-6)?
7
Let p(c) = -c**2 - 19*c - 2. What is p(-12)?
82
Let l(a) = -a**2 - 13*a + 8. Calculate l(-12).
20
Let l(s) = -s**3 - 6*s**2 - 5*s + 10. What is l(-5)?
10
Let z(u) = u**2 - 15*u + 41. Calculate z(13).
15
Let l(j) = -2*j**3 - 14*j**2 - 10*j + 12. What is l(-6)?
0
Let w(x) = x**3 - 4*x**2 - x. What is w(5)?
20
Let f(l) = l**3 - 5*l**2 + 5*l + 2. Give f(4).
6
Let t(f) = f**3 - 8*f**2 + 2. Give t(6).
-70
Let u(v) = -31*v - 26. Give u(-1).
5
Let v(j) = -j**3 + 7*j**2 + 18*j + 1. Determine v(9).
1
Let f(c) = -2*c**3 + 2*c**2 - 3*c + 30. What is f(0)?
30
Let i(k) = 3*k + 8. Determine i(7).
29
Let q(y) = -y**3 - 4*y**2 + 28*y + 54. Give q(-7).
5
Let v(d) = 3*d - 5. Determine v(-7).
-26
Let x(m) = -46*m**2 + m + 1. Give x(1).
-44
Let k(c) = 3*c + 1. What is k(-1)?
-2
Let k(g) = -6*g - 170. Determine k(-32).
22
Let i(a) = a**3 - 12*a**2 + 3*a - 13. Calculate i(12).
23
Let r(c) = c - 8. What is r(5)?
-3
Let r(c) = c**2 - 9*c - 21. Give r(10).
-11
Let c(y) = 3*y**2 + 20*y - 3. Determine c(-7).
4
Let s(r) = 33*r - 38. Determine s(-6).
-236
Let z(r) = r**2 - 5*r + 15. Give z(15).
165
Let t(v) = -v**2 - 10*v - 49. Give t(-7).
-28
Let i(t) = -3*t**2 + 10*t + 44. Give i(6).
-4
Let b(x) = x - 18. What is b(16)?
-2
Let x(c) = -c**2 - 14*c + 15. What is x(2)?
-17
Let c(d) = -3*d**2 + 82. Determine c(-5).
7
Let w(r) = -58*r - 116. Calculate w(-2).
0
Let j(l) = l**3 + 4*l + 7. Calculate j(4).
87
Let b(j) = -3*j - 30. What is b(-9)?
-3
Let o(v) = -2*v + 15. Calculate o(5).
5
Let z(t) = -t**2 - 13*t - 14. What is z(-6)?
28
Let i(v) = v**2 + 2*v - 4. What is i(-4)?
4
Let o(j) = -2*j**2 + 4*j + 3. Give o(-2).
-13
Let v(t) = 87*t + 183. Calculate v(-2).
9
Let v(u) = u**2 - 2*u + 8. Determine v(4).
16
Let z(v) = v**3 + 5*v**2 + 11*v + 25. Calculate z(-4).
-3
Let i(p) = p**2 + 5*p + 4. What is i(-2)?
-2
Let u(r) = -11*r**2 + 33*r + 8. What is u(3)?
8
Let u(r) = -r**3 + 17*r**2 + r - 17. Determine u(17).
0
Let y(u) = u + 11. What is y(-6)?
5
Let g(f) = 10*f**2 - 52*f + 17. Determine g(5).
7
Let g(q) = -q + 46. Give g(23).
23
Let o(x) = -2*x**2 - 2*x - 4. What is o(-3)?
-16
Let m(w) = 6*w + 113. What is m(-18)?
5
Let y(n) = -36*n**2 - n + 1. What is y(1)?
-36
Let n(t) = -t**2 - 5*t - 6. Give n(-4).
-2
Let c(a) = -a**3 - 7*a**2 + 12. Give c(-6).
-24
Let o(g) = -3*g - 7. What is o(-6)?
11
Let z(r) = 2*r**2 - 36*r + 49. Calculate z(16).
-15
Let o(z) = -2*z + 13. Give o(0).
13
Let u(h) = -5*h - 1. Give u(3).
-16
Let j(n) = -n**3 - 12*n**2 + 8*n + 19. Determine j(-13).
84
Let n(g) = 3*g**3 - 2*g**2 + 5*g - 4. Calculate n(3).
74
Let a(w) = -w**3 + 10*w**2 - 13*w + 5. What is a(9)?
-31
Let w(g) = g**3 + 20*g**2 + 64*g - 5. Give w(-16).
-5
Let k(d) = 2*d - 2. Give k(3).
4
Let n(i) = -14*i**2 - 2*i + 1. Calculate n(1).
-15
Let p(g) = -g**3 - 5*g**2 + 13*g - 10. Calculate p(-7).
-3
Let t(p) = -25*p + 9. Determine t(-1).
34
Let t(v) = v**2 + 19*v + 53. Give t(-15).
-7
Let w(c) = -c**3 - 5*c**2 - 4*c - 57. What is w(-6)?
3
Let k(n) = -3*n**3 - 55*n**2 + 38*n + 1. What is k(-19)?
1
Let u(f) = -2*f**2 - 2*f - 5. Calculate u(0).
-5
Let r(a) = 7*a - 15. Determine r(7).
34
Let p(f) = -f**3 + 20*f**2 - 7*f - 226. Calculate p(19).
2
Let b(g) = -4*g**2 + 3*g. Give b(-3).
-45
Let s(g) = g**3 + 10*g**2 - 2. Give s(-10).
-2
Let l(w) = w**2 - 4*w - 10. Give l(-7).
67
Let l(s) = -s**3 + 5*s**2 - 6*s + 30. Determine l(5).
0
Let p(l) = l**3 + 9*l**2 + 4*l + 5. What is p(-8)?
37
Let a(r) = -6*r - 8. Calculate a(10).
-68
Let g(a) = -2*a - 14. Give g(-14).
14
Let x(n) = 5*n + 50. Give x(0).
50
Let q(j) = -j**3 + j**2 + 38. Calculate q(0).
38
Let d(q) = -q**3 - 4*q**2 - 9. Determine d(-5).
16
Let k(l) = -l - 5. What is k(-3)?
-2
Let o(v) = 3*v**2 - 9*v + 7. Calculate o(3).
7
Let v(w) = 42*w + 2. Calculate v(0).
2
Let j(i) = -i**2 + 19*i - 18. What is j(18)?
0
Let n(x) = -4*x**2 - x - 3. Calculate n(-2).
-17
Let r(a) = a**2 + 11*a + 10. Calculate r(-10).
0
Let x(k) = k**3 + k**2 + 2*k - 2. Calculate x(1).
2
Let l(r) = -5*r + 9. Determine l(-4).
29
Let k(c) = c**3 - 14*c**2 - c + 32. Calculate k(14).
18
Let x(v) = v**2 - 3*v + 2. What is x(2)?
0
Let g(t) = -19*t + 1287. What is g(68)?
-5
Let l(d) = 8*d - 2. Calculate l(-3).
-26
Let q(j) = -14*j - 5. Calculate q(-1).
9
Let w(s) = -s**2 - 4*s + 6. Give w(-5).
1
Let q(w) = w**3 - 4*w**2 - w + 1. Calculate q(4).
-3
Let i(w) = -w**3 - 11*w**2 - 2*w + 4. What is i(-11)?
26
Let a(p) = -5*p - 1. Determine a(-2).
9
Let u(m) = -58*m**2 - 3*m + 1. Determine u(1).
-60
Let a(i) = i**3 + 6*i**2 - 6*i + 7. Give a(-6).
43
Let d(s) = -s**2 - 13*s - 38. Calculate d(-5).
2
Let q(v) = v**2 - 4*v - 14. What is q(5)?
-9
Let m(i) = -2*i**2 + 7*i + 11. Determine m(6).
-19
Let x(k) = k**2 + 29*k + 5. Give x(-29).
5
Let f(c) = -c**2 + 12*c - 3. Determine f(12).
-3
Let f(x) = -4*x**3 - x**2 + x. Give 